{"id":36825,"date":"2025-11-08T08:31:26","date_gmt":"2025-11-08T08:31:26","guid":{"rendered":"https:\/\/deak17galeria.hu\/?post_type=programok&#038;p=36825"},"modified":"2025-11-08T08:31:39","modified_gmt":"2025-11-08T08:31:39","slug":"children-around-the-world-jubilee-edition","status":"publish","type":"programok","link":"https:\/\/deak17galeria.hu\/en\/programs\/children-around-the-world-jubilee-edition\/","title":{"rendered":"Children Around the World &#8211; Jubilee Edition"},"content":{"rendered":"\n<p>The Children Around the World family event series was launched in the autumn of 2015 and has since become one of our gallery\u2019s most beloved events, attracting numerous families month after month. Over the years, we have introduced nearly fifty countries and collaborated with a wide range of partners \u2013 embassies, cultural institutes, and schools alike.<\/p>\n\n\n\n<p>Today\u2019s event is not about exploring a new destination but marking a special milestone: together with our guests, we celebrate the tenth birthday of the Children Around the World series. For this festive occasion, we are delighted to welcome Danny Bain with his award-winning musical puppet show Kodzsugukila, the Witch.<\/p>\n\n\n\n<p>Danny himself embodies the spirit of world travel \u2013 having lived in Hungary since 2010, he tells stories both in Hungarian and through the universal language of music. This time, he will share an African tale, the story of Kalili and Szandzsi, accompanied by his unique instruments.<\/p>\n\n\n\n<p>The performance, recommended for children aged 3\u201310, will be followed by a birthday cake celebration and our usual creative workshops.<\/p>\n\n\n\n<p><strong>Programme:<\/strong><br \/>from 9:30 \u2013 Arrival, registration, and collective creative activity<br \/>10:00\u201310:10 \u2013 Welcome speech by Dorka Kaposi, Gallery Director<br \/>10:15\u201311:00 \u2013 Danny Bain: Kodzsugukila, the Witch \u2013 musical puppet show<br \/>11:00\u201311:15 \u2013 Birthday cake celebration<br \/>11:15\u201312:30 \u2013 Arts and crafts workshops<\/p>\n\n\n\n<p><strong>Participation is free of charge, but registration is required.<\/strong><br \/>Registration link: <a rel=\"noreferrer noopener\" target=\"_blank\" href=\"https:\/\/forms.gle\/JLwaCquyLBpvnkyk8\">https:\/\/forms.gle\/JLwaCquyLBpvnkyk8<\/a><\/p>\n\n\n\n<p><strong>Streaming<\/strong><br \/>The event will be streamed online on our Facebook page, and video footage and photos will be taken and posted on the Gallery\u2019s and the partner institution\u2019s website and other social media platforms. By participating in the programme, you agree that recordings may be made and used.<\/p>\n","protected":false},"featured_media":36752,"template":"","categories":[],"tags":[],"cimke":[],"class_list":["post-36825","programok","type-programok","status-publish","has-post-thumbnail","hentry"],"acf":[],"yoast_head":"<!-- This site is optimized with the Yoast SEO plugin v26.8 - https:\/\/yoast.com\/product\/yoast-seo-wordpress\/ -->\n<title>Children Around the World - Jubilee Edition &#8211; De\u00e1k17 Gal\u00e9ria<\/title>\n<meta name=\"robots\" content=\"index, follow, max-snippet:-1, max-image-preview:large, max-video-preview:-1\" \/>\n<link rel=\"canonical\" href=\"https:\/\/deak17galeria.hu\/en\/programs\/children-around-the-world-jubilee-edition\/\" \/>\n<meta property=\"og:locale\" content=\"en_US\" \/>\n<meta property=\"og:type\" content=\"article\" \/>\n<meta property=\"og:title\" content=\"Children Around the World - Jubilee Edition &#8211; De\u00e1k17 Gal\u00e9ria\" \/>\n<meta property=\"og:description\" content=\"The Children Around the World family event series was launched in the autumn of 2015 and has since become one of our gallery\u2019s most beloved events, attracting numerous families month after month. Over the years, we have introduced nearly fifty&hellip;\" \/>\n<meta property=\"og:url\" content=\"https:\/\/deak17galeria.hu\/en\/programs\/children-around-the-world-jubilee-edition\/\" \/>\n<meta property=\"og:site_name\" content=\"De\u00e1k17 Gal\u00e9ria\" \/>\n<meta property=\"article:publisher\" content=\"https:\/\/www.facebook.com\/deak17galeria\" \/>\n<meta property=\"article:modified_time\" content=\"2025-11-08T08:31:39+00:00\" \/>\n<meta property=\"og:image\" content=\"https:\/\/deak17galeria.hu\/wp-content\/uploads\/2025\/10\/VILAGJARO-GYEREKEK-1.png\" \/>\n\t<meta property=\"og:image:width\" content=\"1350\" \/>\n\t<meta property=\"og:image:height\" content=\"650\" \/>\n\t<meta property=\"og:image:type\" content=\"image\/png\" \/>\n<meta name=\"twitter:card\" content=\"summary_large_image\" \/>\n<meta name=\"twitter:label1\" content=\"Est. reading time\" \/>\n\t<meta name=\"twitter:data1\" content=\"2 minutes\" \/>\n<script type=\"application\/ld+json\" class=\"yoast-schema-graph\">{\"@context\":\"https:\/\/schema.org\",\"@graph\":[{\"@type\":\"WebPage\",\"@id\":\"https:\/\/deak17galeria.hu\/en\/programs\/children-around-the-world-jubilee-edition\/\",\"url\":\"https:\/\/deak17galeria.hu\/en\/programs\/children-around-the-world-jubilee-edition\/\",\"name\":\"Children Around the World - Jubilee Edition &#8211; De\u00e1k17 Gal\u00e9ria\",\"isPartOf\":{\"@id\":\"https:\/\/deak17galeria.hu\/#website\"},\"primaryImageOfPage\":{\"@id\":\"https:\/\/deak17galeria.hu\/en\/programs\/children-around-the-world-jubilee-edition\/#primaryimage\"},\"image\":{\"@id\":\"https:\/\/deak17galeria.hu\/en\/programs\/children-around-the-world-jubilee-edition\/#primaryimage\"},\"thumbnailUrl\":\"https:\/\/deak17galeria.hu\/wp-content\/uploads\/2025\/10\/VILAGJARO-GYEREKEK-1.png\",\"datePublished\":\"2025-11-08T08:31:26+00:00\",\"dateModified\":\"2025-11-08T08:31:39+00:00\",\"breadcrumb\":{\"@id\":\"https:\/\/deak17galeria.hu\/en\/programs\/children-around-the-world-jubilee-edition\/#breadcrumb\"},\"inLanguage\":\"en-US\",\"potentialAction\":[{\"@type\":\"ReadAction\",\"target\":[\"https:\/\/deak17galeria.hu\/en\/programs\/children-around-the-world-jubilee-edition\/\"]}]},{\"@type\":\"ImageObject\",\"inLanguage\":\"en-US\",\"@id\":\"https:\/\/deak17galeria.hu\/en\/programs\/children-around-the-world-jubilee-edition\/#primaryimage\",\"url\":\"https:\/\/deak17galeria.hu\/wp-content\/uploads\/2025\/10\/VILAGJARO-GYEREKEK-1.png\",\"contentUrl\":\"https:\/\/deak17galeria.hu\/wp-content\/uploads\/2025\/10\/VILAGJARO-GYEREKEK-1.png\",\"width\":1350,\"height\":650},{\"@type\":\"BreadcrumbList\",\"@id\":\"https:\/\/deak17galeria.hu\/en\/programs\/children-around-the-world-jubilee-edition\/#breadcrumb\",\"itemListElement\":[{\"@type\":\"ListItem\",\"position\":1,\"name\":\"Kezd\u0151lap\",\"item\":\"https:\/\/deak17galeria.hu\/en\/\"},{\"@type\":\"ListItem\",\"position\":2,\"name\":\"Programok\",\"item\":\"https:\/\/deak17galeria.hu\/programok\/\"},{\"@type\":\"ListItem\",\"position\":3,\"name\":\"Children Around the World &#8211; Jubilee Edition\"}]},{\"@type\":\"WebSite\",\"@id\":\"https:\/\/deak17galeria.hu\/#website\",\"url\":\"https:\/\/deak17galeria.hu\/\",\"name\":\"De\u00e1k17 Gal\u00e9ria\",\"description\":\"Gyermek \u00e9s Ifj\u00fas\u00e1gi Gal\u00e9ria\",\"publisher\":{\"@id\":\"https:\/\/deak17galeria.hu\/#organization\"},\"potentialAction\":[{\"@type\":\"SearchAction\",\"target\":{\"@type\":\"EntryPoint\",\"urlTemplate\":\"https:\/\/deak17galeria.hu\/?s={search_term_string}\"},\"query-input\":{\"@type\":\"PropertyValueSpecification\",\"valueRequired\":true,\"valueName\":\"search_term_string\"}}],\"inLanguage\":\"en-US\"},{\"@type\":\"Organization\",\"@id\":\"https:\/\/deak17galeria.hu\/#organization\",\"name\":\"De\u00e1k17 Gyermek \u00e9s Ifj\u00fas\u00e1gi Gall\u00e9ria\",\"url\":\"https:\/\/deak17galeria.hu\/\",\"logo\":{\"@type\":\"ImageObject\",\"inLanguage\":\"en-US\",\"@id\":\"https:\/\/deak17galeria.hu\/#\/schema\/logo\/image\/\",\"url\":\"https:\/\/deak17galeria.hu\/wp-content\/uploads\/2021\/04\/d17-logo.png\",\"contentUrl\":\"https:\/\/deak17galeria.hu\/wp-content\/uploads\/2021\/04\/d17-logo.png\",\"width\":337,\"height\":229,\"caption\":\"De\u00e1k17 Gyermek \u00e9s Ifj\u00fas\u00e1gi Gall\u00e9ria\"},\"image\":{\"@id\":\"https:\/\/deak17galeria.hu\/#\/schema\/logo\/image\/\"},\"sameAs\":[\"https:\/\/www.facebook.com\/deak17galeria\"]}]}<\/script>\n<!-- \/ Yoast SEO plugin. -->","yoast_head_json":{"title":"Children Around the World - Jubilee Edition &#8211; De\u00e1k17 Gal\u00e9ria","robots":{"index":"index","follow":"follow","max-snippet":"max-snippet:-1","max-image-preview":"max-image-preview:large","max-video-preview":"max-video-preview:-1"},"canonical":"https:\/\/deak17galeria.hu\/en\/programs\/children-around-the-world-jubilee-edition\/","og_locale":"en_US","og_type":"article","og_title":"Children Around the World - Jubilee Edition &#8211; De\u00e1k17 Gal\u00e9ria","og_description":"The Children Around the World family event series was launched in the autumn of 2015 and has since become one of our gallery\u2019s most beloved events, attracting numerous families month after month. Over the years, we have introduced nearly fifty&hellip;","og_url":"https:\/\/deak17galeria.hu\/en\/programs\/children-around-the-world-jubilee-edition\/","og_site_name":"De\u00e1k17 Gal\u00e9ria","article_publisher":"https:\/\/www.facebook.com\/deak17galeria","article_modified_time":"2025-11-08T08:31:39+00:00","og_image":[{"width":1350,"height":650,"url":"https:\/\/deak17galeria.hu\/wp-content\/uploads\/2025\/10\/VILAGJARO-GYEREKEK-1.png","type":"image\/png"}],"twitter_card":"summary_large_image","twitter_misc":{"Est. reading time":"2 minutes"},"schema":{"@context":"https:\/\/schema.org","@graph":[{"@type":"WebPage","@id":"https:\/\/deak17galeria.hu\/en\/programs\/children-around-the-world-jubilee-edition\/","url":"https:\/\/deak17galeria.hu\/en\/programs\/children-around-the-world-jubilee-edition\/","name":"Children Around the World - Jubilee Edition &#8211; De\u00e1k17 Gal\u00e9ria","isPartOf":{"@id":"https:\/\/deak17galeria.hu\/#website"},"primaryImageOfPage":{"@id":"https:\/\/deak17galeria.hu\/en\/programs\/children-around-the-world-jubilee-edition\/#primaryimage"},"image":{"@id":"https:\/\/deak17galeria.hu\/en\/programs\/children-around-the-world-jubilee-edition\/#primaryimage"},"thumbnailUrl":"https:\/\/deak17galeria.hu\/wp-content\/uploads\/2025\/10\/VILAGJARO-GYEREKEK-1.png","datePublished":"2025-11-08T08:31:26+00:00","dateModified":"2025-11-08T08:31:39+00:00","breadcrumb":{"@id":"https:\/\/deak17galeria.hu\/en\/programs\/children-around-the-world-jubilee-edition\/#breadcrumb"},"inLanguage":"en-US","potentialAction":[{"@type":"ReadAction","target":["https:\/\/deak17galeria.hu\/en\/programs\/children-around-the-world-jubilee-edition\/"]}]},{"@type":"ImageObject","inLanguage":"en-US","@id":"https:\/\/deak17galeria.hu\/en\/programs\/children-around-the-world-jubilee-edition\/#primaryimage","url":"https:\/\/deak17galeria.hu\/wp-content\/uploads\/2025\/10\/VILAGJARO-GYEREKEK-1.png","contentUrl":"https:\/\/deak17galeria.hu\/wp-content\/uploads\/2025\/10\/VILAGJARO-GYEREKEK-1.png","width":1350,"height":650},{"@type":"BreadcrumbList","@id":"https:\/\/deak17galeria.hu\/en\/programs\/children-around-the-world-jubilee-edition\/#breadcrumb","itemListElement":[{"@type":"ListItem","position":1,"name":"Kezd\u0151lap","item":"https:\/\/deak17galeria.hu\/en\/"},{"@type":"ListItem","position":2,"name":"Programok","item":"https:\/\/deak17galeria.hu\/programok\/"},{"@type":"ListItem","position":3,"name":"Children Around the World &#8211; Jubilee Edition"}]},{"@type":"WebSite","@id":"https:\/\/deak17galeria.hu\/#website","url":"https:\/\/deak17galeria.hu\/","name":"De\u00e1k17 Gal\u00e9ria","description":"Gyermek \u00e9s Ifj\u00fas\u00e1gi Gal\u00e9ria","publisher":{"@id":"https:\/\/deak17galeria.hu\/#organization"},"potentialAction":[{"@type":"SearchAction","target":{"@type":"EntryPoint","urlTemplate":"https:\/\/deak17galeria.hu\/?s={search_term_string}"},"query-input":{"@type":"PropertyValueSpecification","valueRequired":true,"valueName":"search_term_string"}}],"inLanguage":"en-US"},{"@type":"Organization","@id":"https:\/\/deak17galeria.hu\/#organization","name":"De\u00e1k17 Gyermek \u00e9s Ifj\u00fas\u00e1gi Gall\u00e9ria","url":"https:\/\/deak17galeria.hu\/","logo":{"@type":"ImageObject","inLanguage":"en-US","@id":"https:\/\/deak17galeria.hu\/#\/schema\/logo\/image\/","url":"https:\/\/deak17galeria.hu\/wp-content\/uploads\/2021\/04\/d17-logo.png","contentUrl":"https:\/\/deak17galeria.hu\/wp-content\/uploads\/2021\/04\/d17-logo.png","width":337,"height":229,"caption":"De\u00e1k17 Gyermek \u00e9s Ifj\u00fas\u00e1gi Gall\u00e9ria"},"image":{"@id":"https:\/\/deak17galeria.hu\/#\/schema\/logo\/image\/"},"sameAs":["https:\/\/www.facebook.com\/deak17galeria"]}]}},"_links":{"self":[{"href":"https:\/\/deak17galeria.hu\/en\/wp-json\/wp\/v2\/programok\/36825","targetHints":{"allow":["GET"]}}],"collection":[{"href":"https:\/\/deak17galeria.hu\/en\/wp-json\/wp\/v2\/programok"}],"about":[{"href":"https:\/\/deak17galeria.hu\/en\/wp-json\/wp\/v2\/types\/programok"}],"wp:featuredmedia":[{"embeddable":true,"href":"https:\/\/deak17galeria.hu\/en\/wp-json\/wp\/v2\/media\/36752"}],"wp:attachment":[{"href":"https:\/\/deak17galeria.hu\/en\/wp-json\/wp\/v2\/media?parent=36825"}],"wp:term":[{"taxonomy":"category","embeddable":true,"href":"https:\/\/deak17galeria.hu\/en\/wp-json\/wp\/v2\/categories?post=36825"},{"taxonomy":"post_tag","embeddable":true,"href":"https:\/\/deak17galeria.hu\/en\/wp-json\/wp\/v2\/tags?post=36825"},{"taxonomy":"cimke","embeddable":true,"href":"https:\/\/deak17galeria.hu\/en\/wp-json\/wp\/v2\/cimke?post=36825"}],"curies":[{"name":"wp","href":"https:\/\/api.w.org\/{rel}","templated":true}]}}

<!-- This site is optimized with the Yoast SEO plugin v26.8 - https://yoast.com/product/yoast-seo-wordpress/ -->
<title>Children Around the World - Jubilee Edition &#8211; Deák17 Galéria</title>
<meta name="robots" content="index, follow, max-snippet:-1, max-image-preview:large, max-video-preview:-1" />
<link rel="canonical" href="https://deak17galeria.hu/en/programs/children-around-the-world-jubilee-edition/" />
<meta property="og:locale" content="en_US" />
<meta property="og:type" content="article" />
<meta property="og:title" content="Children Around the World - Jubilee Edition &#8211; Deák17 Galéria" />
<meta property="og:description" content="The Children Around the World family event series was launched in the autumn of 2015 and has since become one of our gallery’s most beloved events, attracting numerous families month after month. Over the years, we have introduced nearly fifty&hellip;" />
<meta property="og:url" content="https://deak17galeria.hu/en/programs/children-around-the-world-jubilee-edition/" />
<meta property="og:site_name" content="Deák17 Galéria" />
<meta property="article:publisher" content="https://www.facebook.com/deak17galeria" />
<meta property="article:modified_time" content="2025-11-08T08:31:39+00:00" />
<meta property="og:image" content="https://deak17galeria.hu/wp-content/uploads/2025/10/VILAGJARO-GYEREKEK-1.png" />
	<meta property="og:image:width" content="1350" />
	<meta property="og:image:height" content="650" />
	<meta property="og:image:type" content="image/png" />
<meta name="twitter:card" content="summary_large_image" />
<meta name="twitter:label1" content="Est. reading time" />
	<meta name="twitter:data1" content="2 minutes" />
<script type="application/ld+json" class="yoast-schema-graph">{"@context":"https://schema.org","@graph":[{"@type":"WebPage","@id":"https://deak17galeria.hu/en/programs/children-around-the-world-jubilee-edition/","url":"https://deak17galeria.hu/en/programs/children-around-the-world-jubilee-edition/","name":"Children Around the World - Jubilee Edition &#8211; Deák17 Galéria","isPartOf":{"@id":"https://deak17galeria.hu/#website"},"primaryImageOfPage":{"@id":"https://deak17galeria.hu/en/programs/children-around-the-world-jubilee-edition/#primaryimage"},"image":{"@id":"https://deak17galeria.hu/en/programs/children-around-the-world-jubilee-edition/#primaryimage"},"thumbnailUrl":"https://deak17galeria.hu/wp-content/uploads/2025/10/VILAGJARO-GYEREKEK-1.png","datePublished":"2025-11-08T08:31:26+00:00","dateModified":"2025-11-08T08:31:39+00:00","breadcrumb":{"@id":"https://deak17galeria.hu/en/programs/children-around-the-world-jubilee-edition/#breadcrumb"},"inLanguage":"en-US","potentialAction":[{"@type":"ReadAction","target":["https://deak17galeria.hu/en/programs/children-around-the-world-jubilee-edition/"]}]},{"@type":"ImageObject","inLanguage":"en-US","@id":"https://deak17galeria.hu/en/programs/children-around-the-world-jubilee-edition/#primaryimage","url":"https://deak17galeria.hu/wp-content/uploads/2025/10/VILAGJARO-GYEREKEK-1.png","contentUrl":"https://deak17galeria.hu/wp-content/uploads/2025/10/VILAGJARO-GYEREKEK-1.png","width":1350,"height":650},{"@type":"BreadcrumbList","@id":"https://deak17galeria.hu/en/programs/children-around-the-world-jubilee-edition/#breadcrumb","itemListElement":[{"@type":"ListItem","position":1,"name":"Kezdőlap","item":"https://deak17galeria.hu/en/"},{"@type":"ListItem","position":2,"name":"Programok","item":"https://deak17galeria.hu/programok/"},{"@type":"ListItem","position":3,"name":"Children Around the World &#8211; Jubilee Edition"}]},{"@type":"WebSite","@id":"https://deak17galeria.hu/#website","url":"https://deak17galeria.hu/","name":"Deák17 Galéria","description":"Gyermek és Ifjúsági Galéria","publisher":{"@id":"https://deak17galeria.hu/#organization"},"potentialAction":[{"@type":"SearchAction","target":{"@type":"EntryPoint","urlTemplate":"https://deak17galeria.hu/?s={search_term_string}"},"query-input":{"@type":"PropertyValueSpecification","valueRequired":true,"valueName":"search_term_string"}}],"inLanguage":"en-US"},{"@type":"Organization","@id":"https://deak17galeria.hu/#organization","name":"Deák17 Gyermek és Ifjúsági Galléria","url":"https://deak17galeria.hu/","logo":{"@type":"ImageObject","inLanguage":"en-US","@id":"https://deak17galeria.hu/#/schema/logo/image/","url":"https://deak17galeria.hu/wp-content/uploads/2021/04/d17-logo.png","contentUrl":"https://deak17galeria.hu/wp-content/uploads/2021/04/d17-logo.png","width":337,"height":229,"caption":"Deák17 Gyermek és Ifjúsági Galléria"},"image":{"@id":"https://deak17galeria.hu/#/schema/logo/image/"},"sameAs":["https://www.facebook.com/deak17galeria"]}]}</script>
<!-- / Yoast SEO plugin. -->

Children Around the World - Jubilee Edition &#8211; Deák17 Galéria

Deák17 Galéria

Kezdőlap

Gyermek és Ifjúsági Galéria

Deák17 Gyermek és Ifjúsági Galléria
